{"id":1259,"date":"2019-09-18T20:47:30","date_gmt":"2019-09-18T18:47:30","guid":{"rendered":"https:\/\/alumni-bks.ch\/web\/?page_id=1259"},"modified":"2019-09-18T20:53:19","modified_gmt":"2019-09-18T18:53:19","slug":"hauptversammlung-2019","status":"publish","type":"page","link":"https:\/\/alumni-bks.ch\/web\/veranstaltungen\/hauptversammlung-2019\/","title":{"rendered":"Hauptversammlung 2019"},"content":{"rendered":"<p><strong>Gut besuchte Alumni-HV im Kybunpark<\/strong><br \/>\nDie Vereinigung Alumni Baukaderschule St.Gallen genoss am vergangenen Freitag Gastrecht beim Fussballclub St.Gallen. In den R\u00e4umlichkeiten des Kybunparks wurde die 8. Hauptversammlung abgehalten. Knapp 50 Personen wohnten der Veranstaltung bei.<\/p>\n<p>Nach einem Willkommens-Ap\u00e9ro im Salon Verteidigung folgte der offizielle Teil der Versammlung im Salon Goal. Vereinspr\u00e4sident Stefan Schittenhelm f\u00fchrte in gewohnt speditiver Manier durch die Versammlung. Finanzchef Philipp Burri durfte \u00fcber einen positiven Abschluss berichten, derweil Abteilungsleiter Bruno Mitterer \u00fcber die erfreulichen Zahlen der Baukaderschule sowie \u00fcber die laufenden Projekte im Zusammenhang mit der Digitalisierung informierte.<\/p>\n<p>Im Anschluss an die Hauptversammlung kamen die Teilnehmenden in den Genuss einer exklusiven Stadionf\u00fchrung im Kybunpark. Unter fachkundiger Leitung von Ruedi Widmer und Roli L\u00f6w wurden die Alumni-Mitglieder mit vielen Hintergrundinformationen eingedeckt.<\/p>\n<p>Abgerundet wurde die gelungene Veranstaltung durch ein reichhaltiges Abendessen im Salon Verteidigung.<\/p>\n<p><em>Die Alumni-Veranstaltungstermine f\u00fcr das Jahr 2020 wurden wie folgt definiert:<\/em><\/p>\n<ul>\n<li>Donnerstag, 19. M\u00e4rz 2020 Alumni-Forum<\/li>\n<li>Freitag, 1. Mai 2020 Fr\u00fchsommertreffen<\/li>\n<li>Freitag, 11. September 2020 Hauptversammlung<\/li>\n<\/ul>\n<p>&nbsp;<\/p>\n\t\t<div style=\"clear:both\"><\/div>\n\t\t<div class=\"psgal_wrap\">\n\t\t\t<div id=\"psgal_1259_1\" data-psgal_id=\"1259_1\" data-psgal_container_id=\"container_1259_1\" data-psgal_thumbnail_width=\"300\" data-psgal_use_masonary=\"0\" class=\"psgal-inline psgal gallery-columns-3 gallery-size-large use_masonry_ show_captions_\" itemscope itemtype=\"http:\/\/schema.org\/ImageGallery\">\n\t\t\t\t\t\t\t\t\t\t<figure class=\"msnry_items\" itemscope itemtype=\"http:\/\/schema.org\/ImageObject\" style=\"width:300px;\">\n\t\t\t\t\t\t\t<a href=\"https:\/\/alumni-bks.ch\/web\/wp-content\/uploads\/2019\/09\/AlumniHV19-1800x1114.jpg\" itemprop=\"contentUrl\" data-size=\"1800x1114\" data-caption=\"\" style=\"height:179.38144329897px;\">\n\t\t\t\t\t\t\t\t<img decoding=\"async\" class=\"msnry_thumb\" src=\"https:\/\/alumni-bks.ch\/web\/wp-content\/uploads\/2019\/09\/AlumniHV19-485x300.jpg\" itemprop=\"thumbnail\" alt=\"\" \/>\n\t\t\t\t\t\t\t<\/a>\n\t\t\t\t\t\t\t\t\t\t\t\t\t\t<figcaption class=\"photoswipe-gallery-caption\" style=\"display:none;\"><\/figcaption>\n\n\t\t\t\t\t\t<\/figure>\n\t\t\t\t\t\t\t\t\t\t<figure class=\"msnry_items\" itemscope itemtype=\"http:\/\/schema.org\/ImageObject\" style=\"width:300px;\">\n\t\t\t\t\t\t\t<a href=\"https:\/\/alumni-bks.ch\/web\/wp-content\/uploads\/2019\/09\/AlumniHV19-1-1800x1350.jpg\" itemprop=\"contentUrl\" data-size=\"1800x1350\" data-caption=\"\" style=\"height:217.5px;\">\n\t\t\t\t\t\t\t\t<img decoding=\"async\" class=\"msnry_thumb\" src=\"https:\/\/alumni-bks.ch\/web\/wp-content\/uploads\/2019\/09\/AlumniHV19-1-400x300.jpg\" itemprop=\"thumbnail\" alt=\"\" \/>\n\t\t\t\t\t\t\t<\/a>\n\t\t\t\t\t\t\t\t\t\t\t\t\t\t<figcaption class=\"photoswipe-gallery-caption\" style=\"display:none;\"><\/figcaption>\n\n\t\t\t\t\t\t<\/figure>\n\t\t\t\t\t\t\t\t\t\t<figure class=\"msnry_items\" itemscope itemtype=\"http:\/\/schema.org\/ImageObject\" style=\"width:300px;\">\n\t\t\t\t\t\t\t<a href=\"https:\/\/alumni-bks.ch\/web\/wp-content\/uploads\/2019\/09\/AlumniHV19-2-1800x1303.jpg\" itemprop=\"contentUrl\" data-size=\"1800x1303\" data-caption=\"\" style=\"height:209.63855421687px;\">\n\t\t\t\t\t\t\t\t<img decoding=\"async\" class=\"msnry_thumb\" src=\"https:\/\/alumni-bks.ch\/web\/wp-content\/uploads\/2019\/09\/AlumniHV19-2-415x300.jpg\" itemprop=\"thumbnail\" alt=\"\" \/>\n\t\t\t\t\t\t\t<\/a>\n\t\t\t\t\t\t\t\t\t\t\t\t\t\t<figcaption class=\"photoswipe-gallery-caption\" style=\"display:none;\"><\/figcaption>\n\n\t\t\t\t\t\t<\/figure>\n\t\t\t\t\t\t\t\t\t\t<figure class=\"msnry_items\" itemscope itemtype=\"http:\/\/schema.org\/ImageObject\" style=\"width:300px;\">\n\t\t\t\t\t\t\t<a href=\"https:\/\/alumni-bks.ch\/web\/wp-content\/uploads\/2019\/09\/AlumniHV-19-3-1800x1350.jpg\" itemprop=\"contentUrl\" data-size=\"1800x1350\" data-caption=\"\" style=\"height:217.5px;\">\n\t\t\t\t\t\t\t\t<img decoding=\"async\" class=\"msnry_thumb\" src=\"https:\/\/alumni-bks.ch\/web\/wp-content\/uploads\/2019\/09\/AlumniHV-19-3-400x300.jpg\" itemprop=\"thumbnail\" alt=\"\" \/>\n\t\t\t\t\t\t\t<\/a>\n\t\t\t\t\t\t\t\t\t\t\t\t\t\t<figcaption class=\"photoswipe-gallery-caption\" style=\"display:none;\"><\/figcaption>\n\n\t\t\t\t\t\t<\/figure>\n\t\t\t\t\t\t\t\t\t\t<figure class=\"msnry_items\" itemscope itemtype=\"http:\/\/schema.org\/ImageObject\" style=\"width:300px;\">\n\t\t\t\t\t\t\t<a href=\"https:\/\/alumni-bks.ch\/web\/wp-content\/uploads\/2019\/09\/AlumniHV19-4-1800x1350.jpg\" itemprop=\"contentUrl\" data-size=\"1800x1350\" data-caption=\"\" style=\"height:217.5px;\">\n\t\t\t\t\t\t\t\t<img decoding=\"async\" class=\"msnry_thumb\" src=\"https:\/\/alumni-bks.ch\/web\/wp-content\/uploads\/2019\/09\/AlumniHV19-4-400x300.jpg\" itemprop=\"thumbnail\" alt=\"\" \/>\n\t\t\t\t\t\t\t<\/a>\n\t\t\t\t\t\t\t\t\t\t\t\t\t\t<figcaption class=\"photoswipe-gallery-caption\" style=\"display:none;\"><\/figcaption>\n\n\t\t\t\t\t\t<\/figure>\n\t\t\t\t\t\t\t\t\t\t<figure class=\"msnry_items\" itemscope itemtype=\"http:\/\/schema.org\/ImageObject\" style=\"width:300px;\">\n\t\t\t\t\t\t\t<a href=\"https:\/\/alumni-bks.ch\/web\/wp-content\/uploads\/2019\/09\/AlumniHV19-5-1800x1350.jpg\" itemprop=\"contentUrl\" data-size=\"1800x1350\" data-caption=\"\" style=\"height:217.5px;\">\n\t\t\t\t\t\t\t\t<img decoding=\"async\" class=\"msnry_thumb\" src=\"https:\/\/alumni-bks.ch\/web\/wp-content\/uploads\/2019\/09\/AlumniHV19-5-400x300.jpg\" itemprop=\"thumbnail\" alt=\"\" \/>\n\t\t\t\t\t\t\t<\/a>\n\t\t\t\t\t\t\t\t\t\t\t\t\t\t<figcaption class=\"photoswipe-gallery-caption\" style=\"display:none;\"><\/figcaption>\n\n\t\t\t\t\t\t<\/figure>\n\t\t\t\t\t\t\t\t\t\t<figure class=\"msnry_items\" itemscope itemtype=\"http:\/\/schema.org\/ImageObject\" style=\"width:300px;\">\n\t\t\t\t\t\t\t<a href=\"https:\/\/alumni-bks.ch\/web\/wp-content\/uploads\/2019\/09\/AlumniHV19-6-1800x1350.jpg\" itemprop=\"contentUrl\" data-size=\"1800x1350\" data-caption=\"\" style=\"height:217.5px;\">\n\t\t\t\t\t\t\t\t<img decoding=\"async\" class=\"msnry_thumb\" src=\"https:\/\/alumni-bks.ch\/web\/wp-content\/uploads\/2019\/09\/AlumniHV19-6-400x300.jpg\" itemprop=\"thumbnail\" alt=\"\" \/>\n\t\t\t\t\t\t\t<\/a>\n\t\t\t\t\t\t\t\t\t\t\t\t\t\t<figcaption class=\"photoswipe-gallery-caption\" style=\"display:none;\"><\/figcaption>\n\n\t\t\t\t\t\t<\/figure>\n\t\t\t\t\t\t\t\t\t\t<figure class=\"msnry_items\" itemscope itemtype=\"http:\/\/schema.org\/ImageObject\" style=\"width:300px;\">\n\t\t\t\t\t\t\t<a href=\"https:\/\/alumni-bks.ch\/web\/wp-content\/uploads\/2019\/09\/AlumniHV19-7-1800x1075.jpg\" itemprop=\"contentUrl\" data-size=\"1800x1075\" data-caption=\"\" style=\"height:173.30677290837px;\">\n\t\t\t\t\t\t\t\t<img decoding=\"async\" class=\"msnry_thumb\" src=\"https:\/\/alumni-bks.ch\/web\/wp-content\/uploads\/2019\/09\/AlumniHV19-7-502x300.jpg\" itemprop=\"thumbnail\" alt=\"\" \/>\n\t\t\t\t\t\t\t<\/a>\n\t\t\t\t\t\t\t\t\t\t\t\t\t\t<figcaption class=\"photoswipe-gallery-caption\" style=\"display:none;\"><\/figcaption>\n\n\t\t\t\t\t\t<\/figure>\n\t\t\t\t\t\t\t\t\t\t<figure class=\"msnry_items\" itemscope itemtype=\"http:\/\/schema.org\/ImageObject\" style=\"width:300px;\">\n\t\t\t\t\t\t\t<a href=\"https:\/\/alumni-bks.ch\/web\/wp-content\/uploads\/2019\/09\/Alumni-HV19-8-1800x1350.jpg\" itemprop=\"contentUrl\" data-size=\"1800x1350\" data-caption=\"\" style=\"height:217.5px;\">\n\t\t\t\t\t\t\t\t<img decoding=\"async\" class=\"msnry_thumb\" src=\"https:\/\/alumni-bks.ch\/web\/wp-content\/uploads\/2019\/09\/Alumni-HV19-8-400x300.jpg\" itemprop=\"thumbnail\" alt=\"\" \/>\n\t\t\t\t\t\t\t<\/a>\n\t\t\t\t\t\t\t\t\t\t\t\t\t\t<figcaption class=\"photoswipe-gallery-caption\" style=\"display:none;\"><\/figcaption>\n\n\t\t\t\t\t\t<\/figure>\n\t\t\t\t\t\t\t\t\t\t<figure class=\"msnry_items\" itemscope itemtype=\"http:\/\/schema.org\/ImageObject\" style=\"width:300px;\">\n\t\t\t\t\t\t\t<a href=\"https:\/\/alumni-bks.ch\/web\/wp-content\/uploads\/2019\/09\/Alumni-HV19-10-1800x1350.jpg\" itemprop=\"contentUrl\" data-size=\"1800x1350\" data-caption=\"\" style=\"height:217.5px;\">\n\t\t\t\t\t\t\t\t<img decoding=\"async\" class=\"msnry_thumb\" src=\"https:\/\/alumni-bks.ch\/web\/wp-content\/uploads\/2019\/09\/Alumni-HV19-10-400x300.jpg\" itemprop=\"thumbnail\" alt=\"\" \/>\n\t\t\t\t\t\t\t<\/a>\n\t\t\t\t\t\t\t\t\t\t\t\t\t\t<figcaption class=\"photoswipe-gallery-caption\" style=\"display:none;\"><\/figcaption>\n\n\t\t\t\t\t\t<\/figure>\n\t\t\t\t\t\t\t\t\t\t<figure class=\"msnry_items\" itemscope itemtype=\"http:\/\/schema.org\/ImageObject\" style=\"width:300px;\">\n\t\t\t\t\t\t\t<a href=\"https:\/\/alumni-bks.ch\/web\/wp-content\/uploads\/2019\/09\/Alumni-HV19-11-1800x1568.jpg\" itemprop=\"contentUrl\" data-size=\"1800x1568\" data-caption=\"\" style=\"height:252.90697674419px;\">\n\t\t\t\t\t\t\t\t<img decoding=\"async\" class=\"msnry_thumb\" src=\"https:\/\/alumni-bks.ch\/web\/wp-content\/uploads\/2019\/09\/Alumni-HV19-11-344x300.jpg\" itemprop=\"thumbnail\" alt=\"\" \/>\n\t\t\t\t\t\t\t<\/a>\n\t\t\t\t\t\t\t\t\t\t\t\t\t\t<figcaption class=\"photoswipe-gallery-caption\" style=\"display:none;\"><\/figcaption>\n\n\t\t\t\t\t\t<\/figure>\n\t\t\t\t\t\t\t\t\t\t<figure class=\"msnry_items\" itemscope itemtype=\"http:\/\/schema.org\/ImageObject\" style=\"width:300px;\">\n\t\t\t\t\t\t\t<a href=\"https:\/\/alumni-bks.ch\/web\/wp-content\/uploads\/2019\/09\/AlumniHV19-12-1800x1288.jpg\" itemprop=\"contentUrl\" data-size=\"1800x1288\" data-caption=\"\" style=\"height:207.63723150358px;\">\n\t\t\t\t\t\t\t\t<img decoding=\"async\" class=\"msnry_thumb\" src=\"https:\/\/alumni-bks.ch\/web\/wp-content\/uploads\/2019\/09\/AlumniHV19-12-419x300.jpg\" itemprop=\"thumbnail\" alt=\"\" \/>\n\t\t\t\t\t\t\t<\/a>\n\t\t\t\t\t\t\t\t\t\t\t\t\t\t<figcaption class=\"photoswipe-gallery-caption\" style=\"display:none;\"><\/figcaption>\n\n\t\t\t\t\t\t<\/figure>\n\t\t\t\t\t\t\t\t\t\t<figure class=\"msnry_items\" itemscope itemtype=\"http:\/\/schema.org\/ImageObject\" style=\"width:300px;\">\n\t\t\t\t\t\t\t<a href=\"https:\/\/alumni-bks.ch\/web\/wp-content\/uploads\/2019\/09\/AlumniHV19-13-1800x1265.jpg\" itemprop=\"contentUrl\" data-size=\"1800x1265\" data-caption=\"\" style=\"height:203.74707259953px;\">\n\t\t\t\t\t\t\t\t<img decoding=\"async\" class=\"msnry_thumb\" src=\"https:\/\/alumni-bks.ch\/web\/wp-content\/uploads\/2019\/09\/AlumniHV19-13-427x300.jpg\" itemprop=\"thumbnail\" alt=\"\" \/>\n\t\t\t\t\t\t\t<\/a>\n\t\t\t\t\t\t\t\t\t\t\t\t\t\t<figcaption class=\"photoswipe-gallery-caption\" style=\"display:none;\"><\/figcaption>\n\n\t\t\t\t\t\t<\/figure>\n\t\t\t\t\t\t\t\t\t\t<figure class=\"msnry_items\" itemscope itemtype=\"http:\/\/schema.org\/ImageObject\" style=\"width:300px;\">\n\t\t\t\t\t\t\t<a href=\"https:\/\/alumni-bks.ch\/web\/wp-content\/uploads\/2019\/09\/AlumniHV19-a-1800x1160.jpg\" itemprop=\"contentUrl\" data-size=\"1800x1160\" data-caption=\"\" style=\"height:187.09677419355px;\">\n\t\t\t\t\t\t\t\t<img decoding=\"async\" class=\"msnry_thumb\" src=\"https:\/\/alumni-bks.ch\/web\/wp-content\/uploads\/2019\/09\/AlumniHV19-a-465x300.jpg\" itemprop=\"thumbnail\" alt=\"\" \/>\n\t\t\t\t\t\t\t<\/a>\n\t\t\t\t\t\t\t\t\t\t\t\t\t\t<figcaption class=\"photoswipe-gallery-caption\" style=\"display:none;\"><\/figcaption>\n\n\t\t\t\t\t\t<\/figure>\n\t\t\t\t\t\t\t\t\t\t<figure class=\"msnry_items\" itemscope itemtype=\"http:\/\/schema.org\/ImageObject\" style=\"width:300px;\">\n\t\t\t\t\t\t\t<a href=\"https:\/\/alumni-bks.ch\/web\/wp-content\/uploads\/2019\/09\/AlumniHV-19-b-1800x1122.jpg\" itemprop=\"contentUrl\" data-size=\"1800x1122\" data-caption=\"\" style=\"height:180.87318087318px;\">\n\t\t\t\t\t\t\t\t<img decoding=\"async\" class=\"msnry_thumb\" src=\"https:\/\/alumni-bks.ch\/web\/wp-content\/uploads\/2019\/09\/AlumniHV-19-b-481x300.jpg\" itemprop=\"thumbnail\" alt=\"\" \/>\n\t\t\t\t\t\t\t<\/a>\n\t\t\t\t\t\t\t\t\t\t\t\t\t\t<figcaption class=\"photoswipe-gallery-caption\" style=\"display:none;\"><\/figcaption>\n\n\t\t\t\t\t\t<\/figure>\n\t\t\t\t\t\t\t\t\t\t<figure class=\"msnry_items\" itemscope itemtype=\"http:\/\/schema.org\/ImageObject\" style=\"width:300px;\">\n\t\t\t\t\t\t\t<a href=\"https:\/\/alumni-bks.ch\/web\/wp-content\/uploads\/2019\/09\/AlumniHV19-c.jpg\" itemprop=\"contentUrl\" data-size=\"1536x2048\" data-caption=\"\" style=\"height:386.66666666667px;\">\n\t\t\t\t\t\t\t\t<img decoding=\"async\" class=\"msnry_thumb\" src=\"https:\/\/alumni-bks.ch\/web\/wp-content\/uploads\/2019\/09\/AlumniHV19-c-225x300.jpg\" itemprop=\"thumbnail\" alt=\"\" \/>\n\t\t\t\t\t\t\t<\/a>\n\t\t\t\t\t\t\t\t\t\t\t\t\t\t<figcaption class=\"photoswipe-gallery-caption\" style=\"display:none;\"><\/figcaption>\n\n\t\t\t\t\t\t<\/figure>\n\t\t\t\t\t\t\t\t\t\t<figure class=\"msnry_items\" itemscope itemtype=\"http:\/\/schema.org\/ImageObject\" style=\"width:300px;\">\n\t\t\t\t\t\t\t<a href=\"https:\/\/alumni-bks.ch\/web\/wp-content\/uploads\/2019\/09\/AlumniHV-19-d-1800x1350.jpg\" itemprop=\"contentUrl\" data-size=\"1800x1350\" data-caption=\"\" style=\"height:217.5px;\">\n\t\t\t\t\t\t\t\t<img decoding=\"async\" class=\"msnry_thumb\" src=\"https:\/\/alumni-bks.ch\/web\/wp-content\/uploads\/2019\/09\/AlumniHV-19-d-400x300.jpg\" itemprop=\"thumbnail\" alt=\"\" \/>\n\t\t\t\t\t\t\t<\/a>\n\t\t\t\t\t\t\t\t\t\t\t\t\t\t<figcaption class=\"photoswipe-gallery-caption\" style=\"display:none;\"><\/figcaption>\n\n\t\t\t\t\t\t<\/figure>\n\t\t\t\t\t\t\t<\/div>\n\t\t<\/div>\n\t\t<div style='clear:both'><\/div>\n\n","protected":false},"excerpt":{"rendered":"<p>Gut besuchte Alumni-HV im Kybunpark Die Vereinigung Alumni Baukaderschule St.Gallen genoss am vergangenen Freitag Gastrecht beim Fussballclub St.Gallen. In den R\u00e4umlichkeiten des Kybunparks wurde die 8. Hauptversammlung abgehalten. Knapp 50 Personen wohnten der Veranstaltung bei. Nach einem Willkommens-Ap\u00e9ro im Salon Verteidigung folgte der offizielle Teil der Versammlung im Salon Goal. Vereinspr\u00e4sident Stefan Schittenhelm f\u00fchrte in [&hellip;]<\/p>\n","protected":false},"author":1,"featured_media":1267,"parent":31,"menu_order":0,"comment_status":"closed","ping_status":"closed","template":"","meta":{"footnotes":""},"class_list":["post-1259","page","type-page","status-publish","has-post-thumbnail","hentry"],"_links":{"self":[{"href":"https:\/\/alumni-bks.ch\/web\/wp-json\/wp\/v2\/pages\/1259","targetHints":{"allow":["GET"]}}],"collection":[{"href":"https:\/\/alumni-bks.ch\/web\/wp-json\/wp\/v2\/pages"}],"about":[{"href":"https:\/\/alumni-bks.ch\/web\/wp-json\/wp\/v2\/types\/page"}],"author":[{"embeddable":true,"href":"https:\/\/alumni-bks.ch\/web\/wp-json\/wp\/v2\/users\/1"}],"replies":[{"embeddable":true,"href":"https:\/\/alumni-bks.ch\/web\/wp-json\/wp\/v2\/comments?post=1259"}],"version-history":[{"count":5,"href":"https:\/\/alumni-bks.ch\/web\/wp-json\/wp\/v2\/pages\/1259\/revisions"}],"predecessor-version":[{"id":1281,"href":"https:\/\/alumni-bks.ch\/web\/wp-json\/wp\/v2\/pages\/1259\/revisions\/1281"}],"up":[{"embeddable":true,"href":"https:\/\/alumni-bks.ch\/web\/wp-json\/wp\/v2\/pages\/31"}],"wp:featuredmedia":[{"embeddable":true,"href":"https:\/\/alumni-bks.ch\/web\/wp-json\/wp\/v2\/media\/1267"}],"wp:attachment":[{"href":"https:\/\/alumni-bks.ch\/web\/wp-json\/wp\/v2\/media?parent=1259"}],"curies":[{"name":"wp","href":"https:\/\/api.w.org\/{rel}","templated":true}]}}