{"id":1489,"date":"2024-08-15T08:04:43","date_gmt":"2024-08-15T06:04:43","guid":{"rendered":"https:\/\/alumni-bks.ch\/web\/?page_id=1489"},"modified":"2024-08-15T08:04:43","modified_gmt":"2024-08-15T06:04:43","slug":"4-alumni-forum-2023","status":"publish","type":"page","link":"https:\/\/alumni-bks.ch\/web\/veranstaltungen\/4-alumni-forum-2023\/","title":{"rendered":"4. Alumni Forum 2023"},"content":{"rendered":"<p>Das diesj\u00e4hrige 4. Alumni Forum f\u00fchrte rund 35 Personen in den \u00abSquare \u2013 das zurzeit modernste Geb\u00e4ude der Universit\u00e4t St.Gallen\u00bb. Die F\u00fchrung durch das Geb\u00e4ude \u00fcbernahm Guido Caluori, Head of Operations sowie Adrian Rickert, Leiter Hausdienst und Absolvent unseres Lehrgangs <em>Leiter*in Facility Management und Maintenance<\/em>.<\/p>\n<p>Nach den spannenden Eindr\u00fccken rund um die Architektur, Lehrformen sowie der Geb\u00e4udetechnik wurde der Abend mit einem Imbiss abgerundet.<\/p>\n","protected":false},"excerpt":{"rendered":"<p>Das diesj\u00e4hrige 4. Alumni Forum f\u00fchrte rund 35 Personen in den \u00abSquare \u2013 das zurzeit modernste Geb\u00e4ude der Universit\u00e4t St.Gallen\u00bb. Die F\u00fchrung durch das Geb\u00e4ude \u00fcbernahm Guido Caluori, Head of Operations sowie Adrian Rickert, Leiter Hausdienst und Absolvent unseres Lehrgangs Leiter*in Facility Management und Maintenance. Nach den spannenden Eindr\u00fccken rund um die Architektur, Lehrformen sowie [&hellip;]<\/p>\n","protected":false},"author":1,"featured_media":1493,"parent":31,"menu_order":0,"comment_status":"closed","ping_status":"closed","template":"","meta":{"footnotes":""},"class_list":["post-1489","page","type-page","status-publish","has-post-thumbnail","hentry"],"_links":{"self":[{"href":"https:\/\/alumni-bks.ch\/web\/wp-json\/wp\/v2\/pages\/1489","targetHints":{"allow":["GET"]}}],"collection":[{"href":"https:\/\/alumni-bks.ch\/web\/wp-json\/wp\/v2\/pages"}],"about":[{"href":"https:\/\/alumni-bks.ch\/web\/wp-json\/wp\/v2\/types\/page"}],"author":[{"embeddable":true,"href":"https:\/\/alumni-bks.ch\/web\/wp-json\/wp\/v2\/users\/1"}],"replies":[{"embeddable":true,"href":"https:\/\/alumni-bks.ch\/web\/wp-json\/wp\/v2\/comments?post=1489"}],"version-history":[{"count":1,"href":"https:\/\/alumni-bks.ch\/web\/wp-json\/wp\/v2\/pages\/1489\/revisions"}],"predecessor-version":[{"id":1494,"href":"https:\/\/alumni-bks.ch\/web\/wp-json\/wp\/v2\/pages\/1489\/revisions\/1494"}],"up":[{"embeddable":true,"href":"https:\/\/alumni-bks.ch\/web\/wp-json\/wp\/v2\/pages\/31"}],"wp:featuredmedia":[{"embeddable":true,"href":"https:\/\/alumni-bks.ch\/web\/wp-json\/wp\/v2\/media\/1493"}],"wp:attachment":[{"href":"https:\/\/alumni-bks.ch\/web\/wp-json\/wp\/v2\/media?parent=1489"}],"curies":[{"name":"wp","href":"https:\/\/api.w.org\/{rel}","templated":true}]}}

<p>Das diesjährige 4. Alumni Forum führte rund 35 Personen in den «Square – das zurzeit modernste Gebäude der Universität St.Gallen». Die Führung durch das Gebäude übernahm Guido Caluori, Head of Operations sowie Adrian Rickert, Leiter Hausdienst und Absolvent unseres Lehrgangs <em>Leiter*in Facility Management und Maintenance</em>.</p>
<p>Nach den spannenden Eindrücken rund um die Architektur, Lehrformen sowie der Gebäudetechnik wurde der Abend mit einem Imbiss abgerundet.</p>

<p>Das diesjährige 4. Alumni Forum führte rund 35 Personen in den «Square – das zurzeit modernste Gebäude der Universität St.Gallen». Die Führung durch das Gebäude übernahm Guido Caluori, Head of Operations sowie Adrian Rickert, Leiter Hausdienst und Absolvent unseres Lehrgangs Leiter*in Facility Management und Maintenance. Nach den spannenden Eindrücken rund um die Architektur, Lehrformen sowie [&hellip;]</p>
