{"id":1512,"date":"2024-12-13T15:42:30","date_gmt":"2024-12-13T14:42:30","guid":{"rendered":"https:\/\/alumni-bks.ch\/web\/?page_id=1512"},"modified":"2024-12-13T15:48:10","modified_gmt":"2024-12-13T14:48:10","slug":"5-alumni-forum-2024","status":"publish","type":"page","link":"https:\/\/alumni-bks.ch\/web\/veranstaltungen\/5-alumni-forum-2024\/","title":{"rendered":"5. Alumni Forum 2024"},"content":{"rendered":"<p>Die 5 Ausgabe des Alumni-Forums f\u00fchrte uns nach Niederhasli zur Doka Schweiz AG.<\/p>\n<p>Unser Mitglied <strong><em>Roger Sch\u00f6nenberger<\/em><\/strong> f\u00fchrte uns zusammen mit <strong><em>Piero Di Stasio<\/em><\/strong> und <strong><em>Patrick Reichlin<\/em><\/strong> durch das Werk nachdem <strong><em>Ralf Schmid, Gesch\u00e4ftsf\u00fchrer<\/em><\/strong> uns die Geschichte der Doka n\u00e4herbrachte. Im Anschluss liessen wir in der Ausstellunghalle den Abend mit einem feinen Apero Richte ausklingen.<\/p>\n\t\t<div style=\"clear:both\"><\/div>\n\t\t<div class=\"psgal_wrap\">\n\t\t\t<div id=\"psgal_1512_1\" data-psgal_id=\"1512_1\" data-psgal_container_id=\"container_1512_1\" data-psgal_thumbnail_width=\"300\" data-psgal_use_masonary=\"0\" class=\"psgal-inline psgal gallery-columns-3 gallery-size-large use_masonry_ show_captions_\" itemscope itemtype=\"http:\/\/schema.org\/ImageGallery\">\n\t\t\t\t\t\t\t\t\t\t<figure class=\"msnry_items\" itemscope itemtype=\"http:\/\/schema.org\/ImageObject\" style=\"width:300px;\">\n\t\t\t\t\t\t\t<a href=\"https:\/\/alumni-bks.ch\/web\/wp-content\/uploads\/2024\/12\/rundgang1-1800x1350.jpg\" itemprop=\"contentUrl\" data-size=\"1800x1350\" data-caption=\"\" style=\"height:217.5px;\">\n\t\t\t\t\t\t\t\t<img decoding=\"async\" class=\"msnry_thumb\" src=\"https:\/\/alumni-bks.ch\/web\/wp-content\/uploads\/2024\/12\/rundgang1-400x300.jpg\" itemprop=\"thumbnail\" alt=\"\" \/>\n\t\t\t\t\t\t\t<\/a>\n\t\t\t\t\t\t\t\t\t\t\t\t\t\t<figcaption class=\"photoswipe-gallery-caption\" style=\"display:none;\"><\/figcaption>\n\n\t\t\t\t\t\t<\/figure>\n\t\t\t\t\t\t\t\t\t\t<figure class=\"msnry_items\" itemscope itemtype=\"http:\/\/schema.org\/ImageObject\" style=\"width:300px;\">\n\t\t\t\t\t\t\t<a href=\"https:\/\/alumni-bks.ch\/web\/wp-content\/uploads\/2024\/12\/feierabendbier_s.jpg\" itemprop=\"contentUrl\" data-size=\"1512x1858\" data-caption=\"\" style=\"height:356.55737704918px;\">\n\t\t\t\t\t\t\t\t<img decoding=\"async\" class=\"msnry_thumb\" src=\"https:\/\/alumni-bks.ch\/web\/wp-content\/uploads\/2024\/12\/feierabendbier_s-244x300.jpg\" itemprop=\"thumbnail\" alt=\"\" \/>\n\t\t\t\t\t\t\t<\/a>\n\t\t\t\t\t\t\t\t\t\t\t\t\t\t<figcaption class=\"photoswipe-gallery-caption\" style=\"display:none;\"><\/figcaption>\n\n\t\t\t\t\t\t<\/figure>\n\t\t\t\t\t\t\t\t\t\t<figure class=\"msnry_items\" itemscope itemtype=\"http:\/\/schema.org\/ImageObject\" style=\"width:300px;\">\n\t\t\t\t\t\t\t<a href=\"https:\/\/alumni-bks.ch\/web\/wp-content\/uploads\/2024\/12\/rundgang2-1800x1350.jpg\" itemprop=\"contentUrl\" data-size=\"1800x1350\" data-caption=\"\" style=\"height:217.5px;\">\n\t\t\t\t\t\t\t\t<img decoding=\"async\" class=\"msnry_thumb\" src=\"https:\/\/alumni-bks.ch\/web\/wp-content\/uploads\/2024\/12\/rundgang2-400x300.jpg\" itemprop=\"thumbnail\" alt=\"\" \/>\n\t\t\t\t\t\t\t<\/a>\n\t\t\t\t\t\t\t\t\t\t\t\t\t\t<figcaption class=\"photoswipe-gallery-caption\" style=\"display:none;\"><\/figcaption>\n\n\t\t\t\t\t\t<\/figure>\n\t\t\t\t\t\t\t\t\t\t<figure class=\"msnry_items\" itemscope itemtype=\"http:\/\/schema.org\/ImageObject\" style=\"width:300px;\">\n\t\t\t\t\t\t\t<a href=\"https:\/\/alumni-bks.ch\/web\/wp-content\/uploads\/2024\/12\/rundgang3.jpg\" itemprop=\"contentUrl\" data-size=\"1440x1920\" data-caption=\"\" style=\"height:386.66666666667px;\">\n\t\t\t\t\t\t\t\t<img decoding=\"async\" class=\"msnry_thumb\" src=\"https:\/\/alumni-bks.ch\/web\/wp-content\/uploads\/2024\/12\/rundgang3-225x300.jpg\" itemprop=\"thumbnail\" alt=\"\" \/>\n\t\t\t\t\t\t\t<\/a>\n\t\t\t\t\t\t\t\t\t\t\t\t\t\t<figcaption class=\"photoswipe-gallery-caption\" style=\"display:none;\"><\/figcaption>\n\n\t\t\t\t\t\t<\/figure>\n\t\t\t\t\t\t\t\t\t\t<figure class=\"msnry_items\" itemscope itemtype=\"http:\/\/schema.org\/ImageObject\" style=\"width:300px;\">\n\t\t\t\t\t\t\t<a href=\"https:\/\/alumni-bks.ch\/web\/wp-content\/uploads\/2024\/12\/rundgang5-1-1800x1350.jpg\" itemprop=\"contentUrl\" data-size=\"1800x1350\" data-caption=\"\" style=\"height:217.5px;\">\n\t\t\t\t\t\t\t\t<img decoding=\"async\" class=\"msnry_thumb\" src=\"https:\/\/alumni-bks.ch\/web\/wp-content\/uploads\/2024\/12\/rundgang5-1-400x300.jpg\" itemprop=\"thumbnail\" alt=\"\" \/>\n\t\t\t\t\t\t\t<\/a>\n\t\t\t\t\t\t\t\t\t\t\t\t\t\t<figcaption class=\"photoswipe-gallery-caption\" style=\"display:none;\"><\/figcaption>\n\n\t\t\t\t\t\t<\/figure>\n\t\t\t\t\t\t\t\t\t\t<figure class=\"msnry_items\" itemscope itemtype=\"http:\/\/schema.org\/ImageObject\" style=\"width:300px;\">\n\t\t\t\t\t\t\t<a href=\"https:\/\/alumni-bks.ch\/web\/wp-content\/uploads\/2024\/12\/einfuehrung-1800x1350.jpg\" itemprop=\"contentUrl\" data-size=\"1800x1350\" data-caption=\"\" style=\"height:217.5px;\">\n\t\t\t\t\t\t\t\t<img decoding=\"async\" class=\"msnry_thumb\" src=\"https:\/\/alumni-bks.ch\/web\/wp-content\/uploads\/2024\/12\/einfuehrung-400x300.jpg\" itemprop=\"thumbnail\" alt=\"\" \/>\n\t\t\t\t\t\t\t<\/a>\n\t\t\t\t\t\t\t\t\t\t\t\t\t\t<figcaption class=\"photoswipe-gallery-caption\" style=\"display:none;\"><\/figcaption>\n\n\t\t\t\t\t\t<\/figure>\n\t\t\t\t\t\t\t<\/div>\n\t\t<\/div>\n\t\t<div style='clear:both'><\/div>\n\n","protected":false},"excerpt":{"rendered":"<p>Die 5 Ausgabe des Alumni-Forums f\u00fchrte uns nach Niederhasli zur Doka Schweiz AG. Unser Mitglied Roger Sch\u00f6nenberger f\u00fchrte uns zusammen mit Piero Di Stasio und Patrick Reichlin durch das Werk nachdem Ralf Schmid, Gesch\u00e4ftsf\u00fchrer uns die Geschichte der Doka n\u00e4herbrachte. Im Anschluss liessen wir in der Ausstellunghalle den Abend mit einem feinen Apero Richte ausklingen.<\/p>\n","protected":false},"author":1,"featured_media":1513,"parent":31,"menu_order":0,"comment_status":"closed","ping_status":"closed","template":"","meta":{"footnotes":""},"class_list":["post-1512","page","type-page","status-publish","has-post-thumbnail","hentry"],"_links":{"self":[{"href":"https:\/\/alumni-bks.ch\/web\/wp-json\/wp\/v2\/pages\/1512","targetHints":{"allow":["GET"]}}],"collection":[{"href":"https:\/\/alumni-bks.ch\/web\/wp-json\/wp\/v2\/pages"}],"about":[{"href":"https:\/\/alumni-bks.ch\/web\/wp-json\/wp\/v2\/types\/page"}],"author":[{"embeddable":true,"href":"https:\/\/alumni-bks.ch\/web\/wp-json\/wp\/v2\/users\/1"}],"replies":[{"embeddable":true,"href":"https:\/\/alumni-bks.ch\/web\/wp-json\/wp\/v2\/comments?post=1512"}],"version-history":[{"count":2,"href":"https:\/\/alumni-bks.ch\/web\/wp-json\/wp\/v2\/pages\/1512\/revisions"}],"predecessor-version":[{"id":1528,"href":"https:\/\/alumni-bks.ch\/web\/wp-json\/wp\/v2\/pages\/1512\/revisions\/1528"}],"up":[{"embeddable":true,"href":"https:\/\/alumni-bks.ch\/web\/wp-json\/wp\/v2\/pages\/31"}],"wp:featuredmedia":[{"embeddable":true,"href":"https:\/\/alumni-bks.ch\/web\/wp-json\/wp\/v2\/media\/1513"}],"wp:attachment":[{"href":"https:\/\/alumni-bks.ch\/web\/wp-json\/wp\/v2\/media?parent=1512"}],"curies":[{"name":"wp","href":"https:\/\/api.w.org\/{rel}","templated":true}]}}