{"id":19340,"date":"2025-08-12T09:36:57","date_gmt":"2025-08-12T07:36:57","guid":{"rendered":"https:\/\/alumni-bks.ch\/web\/?page_id=19340"},"modified":"2025-08-12T13:55:41","modified_gmt":"2025-08-12T11:55:41","slug":"fruehsommertreffen-2025","status":"publish","type":"page","link":"https:\/\/alumni-bks.ch\/web\/veranstaltungen\/fruehsommertreffen-2025\/","title":{"rendered":"Fr\u00fchsommertreffen 2025"},"content":{"rendered":"<p>Das Fr\u00fchsommertreffen 2025 f\u00fchrte uns wie im Jahr 2019 in den Nationalzirkus \u00abKnie\u00bb auf dem Spelteriniplatz in St. Gallen. Das Restaurant Nets verw\u00f6hnte uns im Vorfeld mit einem reichhaltigen Ap\u00e9ro riche, sodass wir gest\u00e4rkt die Vorstellung geniessen k\u00f6nnten.<\/p>\n<p><img loading=\"lazy\" decoding=\"async\" class=\"alignnone size-medium wp-image-19342\" src=\"https:\/\/alumni-bks.ch\/web\/wp-content\/uploads\/2025\/08\/Apero-2-300x225.jpg\" alt=\"\" width=\"300\" height=\"225\" srcset=\"https:\/\/alumni-bks.ch\/web\/wp-content\/uploads\/2025\/08\/Apero-2-300x225.jpg 300w, https:\/\/alumni-bks.ch\/web\/wp-content\/uploads\/2025\/08\/Apero-2-1024x768.jpg 1024w, https:\/\/alumni-bks.ch\/web\/wp-content\/uploads\/2025\/08\/Apero-2-768x576.jpg 768w, https:\/\/alumni-bks.ch\/web\/wp-content\/uploads\/2025\/08\/Apero-2-1536x1152.jpg 1536w, https:\/\/alumni-bks.ch\/web\/wp-content\/uploads\/2025\/08\/Apero-2-400x300.jpg 400w, https:\/\/alumni-bks.ch\/web\/wp-content\/uploads\/2025\/08\/Apero-2-1800x1350.jpg 1800w, https:\/\/alumni-bks.ch\/web\/wp-content\/uploads\/2025\/08\/Apero-2.jpg 2016w\" sizes=\"auto, (max-width: 300px) 100vw, 300px\" \/>\u00a0 \u00a0 \u00a0 <img loading=\"lazy\" decoding=\"async\" class=\"alignnone size-medium wp-image-19343\" src=\"https:\/\/alumni-bks.ch\/web\/wp-content\/uploads\/2025\/08\/Apero-300x225.jpg\" alt=\"\" width=\"300\" height=\"225\" srcset=\"https:\/\/alumni-bks.ch\/web\/wp-content\/uploads\/2025\/08\/Apero-300x225.jpg 300w, https:\/\/alumni-bks.ch\/web\/wp-content\/uploads\/2025\/08\/Apero-1024x768.jpg 1024w, https:\/\/alumni-bks.ch\/web\/wp-content\/uploads\/2025\/08\/Apero-768x576.jpg 768w, https:\/\/alumni-bks.ch\/web\/wp-content\/uploads\/2025\/08\/Apero-1536x1152.jpg 1536w, https:\/\/alumni-bks.ch\/web\/wp-content\/uploads\/2025\/08\/Apero-400x300.jpg 400w, https:\/\/alumni-bks.ch\/web\/wp-content\/uploads\/2025\/08\/Apero-1800x1350.jpg 1800w, https:\/\/alumni-bks.ch\/web\/wp-content\/uploads\/2025\/08\/Apero.jpg 2016w\" sizes=\"auto, (max-width: 300px) 100vw, 300px\" \/><\/p>\n<p><img loading=\"lazy\" decoding=\"async\" class=\"alignnone size-medium wp-image-19341\" src=\"https:\/\/alumni-bks.ch\/web\/wp-content\/uploads\/2025\/08\/Apero-1-225x300.jpg\" alt=\"\" width=\"225\" height=\"300\" srcset=\"https:\/\/alumni-bks.ch\/web\/wp-content\/uploads\/2025\/08\/Apero-1-225x300.jpg 225w, https:\/\/alumni-bks.ch\/web\/wp-content\/uploads\/2025\/08\/Apero-1-768x1024.jpg 768w, https:\/\/alumni-bks.ch\/web\/wp-content\/uploads\/2025\/08\/Apero-1-1152x1536.jpg 1152w, https:\/\/alumni-bks.ch\/web\/wp-content\/uploads\/2025\/08\/Apero-1-1536x2048.jpg 1536w, https:\/\/alumni-bks.ch\/web\/wp-content\/uploads\/2025\/08\/Apero-1-1800x2400.jpg 1800w, https:\/\/alumni-bks.ch\/web\/wp-content\/uploads\/2025\/08\/Apero-1-scaled.jpg 1920w\" sizes=\"auto, (max-width: 225px) 100vw, 225px\" \/><\/p>\n","protected":false},"excerpt":{"rendered":"<p>Das Fr\u00fchsommertreffen 2025 f\u00fchrte uns wie im Jahr 2019 in den Nationalzirkus \u00abKnie\u00bb auf dem Spelteriniplatz in St. Gallen. Das Restaurant Nets verw\u00f6hnte uns im Vorfeld mit einem reichhaltigen Ap\u00e9ro riche, sodass wir gest\u00e4rkt die Vorstellung geniessen k\u00f6nnten. \u00a0 \u00a0 \u00a0<\/p>\n","protected":false},"author":5,"featured_media":19342,"parent":31,"menu_order":0,"comment_status":"closed","ping_status":"closed","template":"","meta":{"footnotes":""},"class_list":["post-19340","page","type-page","status-publish","has-post-thumbnail","hentry"],"_links":{"self":[{"href":"https:\/\/alumni-bks.ch\/web\/wp-json\/wp\/v2\/pages\/19340","targetHints":{"allow":["GET"]}}],"collection":[{"href":"https:\/\/alumni-bks.ch\/web\/wp-json\/wp\/v2\/pages"}],"about":[{"href":"https:\/\/alumni-bks.ch\/web\/wp-json\/wp\/v2\/types\/page"}],"author":[{"embeddable":true,"href":"https:\/\/alumni-bks.ch\/web\/wp-json\/wp\/v2\/users\/5"}],"replies":[{"embeddable":true,"href":"https:\/\/alumni-bks.ch\/web\/wp-json\/wp\/v2\/comments?post=19340"}],"version-history":[{"count":2,"href":"https:\/\/alumni-bks.ch\/web\/wp-json\/wp\/v2\/pages\/19340\/revisions"}],"predecessor-version":[{"id":19345,"href":"https:\/\/alumni-bks.ch\/web\/wp-json\/wp\/v2\/pages\/19340\/revisions\/19345"}],"up":[{"embeddable":true,"href":"https:\/\/alumni-bks.ch\/web\/wp-json\/wp\/v2\/pages\/31"}],"wp:featuredmedia":[{"embeddable":true,"href":"https:\/\/alumni-bks.ch\/web\/wp-json\/wp\/v2\/media\/19342"}],"wp:attachment":[{"href":"https:\/\/alumni-bks.ch\/web\/wp-json\/wp\/v2\/media?parent=19340"}],"curies":[{"name":"wp","href":"https:\/\/api.w.org\/{rel}","templated":true}]}}